{"id":154,"date":"2016-06-23T11:12:53","date_gmt":"2016-06-23T08:12:53","guid":{"rendered":"https:\/\/the7.io\/construction\/?page_id=154"},"modified":"2021-01-02T22:20:20","modified_gmt":"2021-01-02T19:20:20","slug":"hakkimizda","status":"publish","type":"page","link":"https:\/\/altindereinsaat.com\/?page_id=154","title":{"rendered":"Hakk\u0131m\u0131zda"},"content":{"rendered":"<p>[vc_row type=&#8221;vc_default&#8221; margin_top=&#8221;5&#8243; margin_bottom=&#8221;15&#8243; css=&#8221;.vc_custom_1493829267800{padding-top: 70px !important;}&#8221;][vc_column offset=&#8221;vc_col-lg-6 vc_col-md-6 vc_col-xs-12&#8243; css=&#8221;.vc_custom_1493829169670{padding-bottom: 70px !important;}&#8221;]<div id=\"ultimate-heading-948169e5f5e64ce86\" class=\"uvc-heading ult-adjust-bottom-margin ultimate-heading-948169e5f5e64ce86 uvc-2389 accent-border-color\" data-hspacer=\"line_only\"  data-halign=\"left\" style=\"text-align:left\"><div class=\"uvc-main-heading ult-responsive\"  data-ultimate-target='.uvc-heading.ultimate-heading-948169e5f5e64ce86 h2'  data-responsive-json-new='{\"font-size\":\"desktop:26px;\",\"line-height\":\"desktop:36px;\"}' ><h2 style=\"font-weight:bold;\">Biz Kimiz?<\/h2><\/div><div class=\"uvc-heading-spacer line_only\" style=\"margin-top:15px;margin-bottom:10px;height:4px;\"><span class=\"uvc-headings-line\" style=\"border-style:solid;border-bottom-width:4px;border-color:;width:50px;\"><\/span><\/div><\/div>[vc_column_text]1997 y\u0131l\u0131nda \u0130brahim T\u00fcfek taraf\u0131ndan kurulan Alt\u0131ndere \u0130n\u015faat, ilk y\u0131llar\u0131nda mekanik sistemler \u00fczerine faaliyetlere ba\u015flad\u0131. 2000 y\u0131l\u0131ndan 2010 y\u0131l\u0131na kadar Yurt \u0130\u015fletmecili\u011fini ve Hastane Yemek ihalelerini faaliyet alanlar\u0131na ekleyerek ba\u015far\u0131l\u0131 i\u015fler ortaya \u00e7\u0131kard\u0131. 2010 y\u0131l\u0131na gelindi\u011fi zaman ise faaliyetlerindeki a\u011f\u0131rl\u0131\u011f\u0131n\u0131 T\u00fcrkiye Cumhuriyeti Devleti\u2019nin ihaleli yap\u0131m-onar\u0131m i\u015flerine verdi. Bununla beraber Milli Parklar b\u00fcnyesinde bulunan tabiat park\u0131 projelerinde; yol, ta\u015f kaplama, k\u00f6pr\u00fc, ah\u015fap-cam seyir teraslar\u0131, ah\u015fap korkuluklar, tan\u0131t\u0131m merkezleri ve y\u00fczlerce i\u00e7me suyu projesi yapt\u0131. Alt\u0131ndere \u0130n\u015faat, \u00fclkemizde ilk defa uygulanan Zigana Da\u011f\u0131 \u00c7\u0131\u011f Kontrol projesini hayata ge\u00e7irdi ve d\u0131\u015f \u00fclkelere ba\u011f\u0131ml\u0131l\u0131\u011f\u0131 tamamen ortadan kald\u0131rd\u0131. Kullan\u0131lan t\u00fcm makineler Alt\u0131ndere \u0130n\u015faat taraf\u0131ndan \u00fcretilerek \u00fclke tarihinde bir ilke imza at\u0131ld\u0131. \u015eirket misyonunu incelendi\u011finde ise en b\u00fcy\u00fck \u00f6nceli\u011fin T\u00fcrkiye Cumhuriyeti Devleti oldu\u011fu ve bununla beraber d\u00fcr\u00fcstl\u00fc\u011f\u00fcn \u00f6n plana \u00e7\u0131kt\u0131\u011f\u0131 g\u00f6r\u00fclmektedir. Alt\u0131ndere \u0130n\u015faat\u2019\u0131n ba\u015far\u0131s\u0131ndaki en b\u00fcy\u00fck kaynak ise; \u00e7al\u0131\u015fanlar\u0131n\u0131n, i\u015f ortaklar\u0131n\u0131n, kurum ve kurulu\u015flar\u0131n ona duymu\u015f oldu\u011fu g\u00fcvendir. \u0130\u015flerini artan s\u00fcrd\u00fcr\u00fclebilirlik tavr\u0131yla yerine getirme kararl\u0131l\u0131\u011f\u0131nda olan Alt\u0131ndere \u0130n\u015faat, yapm\u0131\u015f oldu\u011fu projelerin hepsinde bu ilkeden ayr\u0131lmamaktad\u0131r.<br \/>\nUluslararas\u0131 platformlarda tan\u0131nan; d\u00fcnya standartlar\u0131nda g\u00fcncel yenilikleri takip eden ve bunlara \u00f6nc\u00fcl\u00fck eden, di\u011fer in\u015faat firmalar\u0131 taraf\u0131ndan \u00f6rnek al\u0131nan bir \u015firket olmay\u0131 hedefleyen Alt\u0131ndere \u0130n\u015faat, her ge\u00e7en g\u00fcn ba\u015far\u0131lar\u0131na bir yenisini eklemeye devam etmektedir.[\/vc_column_text]<style type=\"text\/css\" data-type=\"the7_shortcodes-inline-css\">.shortcode-single-image-wrap.shortcode-single-image-05c34840454e14b951e0844867ca85d6.enable-bg-rollover .rollover i,\n.shortcode-single-image-wrap.shortcode-single-image-05c34840454e14b951e0844867ca85d6.enable-bg-rollover .rollover-video i {\n  background: -webkit-linear-gradient();\n  background: linear-gradient();\n}\n.shortcode-single-image-wrap.shortcode-single-image-05c34840454e14b951e0844867ca85d6 .rollover-icon {\n  font-size: 32px;\n  color: #ffffff;\n  min-width: 44px;\n  min-height: 44px;\n  line-height: 44px;\n  border-radius: 100px;\n  border-style: solid;\n  border-width: 0px;\n}\n.dt-icon-bg-on.shortcode-single-image-wrap.shortcode-single-image-05c34840454e14b951e0844867ca85d6 .rollover-icon {\n  background: rgba(255,255,255,0.3);\n  box-shadow: none;\n}\n<\/style><div class=\"shortcode-single-image-wrap shortcode-single-image-05c34840454e14b951e0844867ca85d6 alignnone fadeIn animate-element  vc_custom_1609092648733 enable-bg-rollover dt-icon-bg-off\" ><div class=\"shortcode-single-image\"><div class=\"fancy-media-wrap  layzr-bg\" style=\"\"><img loading=\"lazy\" decoding=\"async\" class=\"preload-me lazy-load\" src=\"data:image\/svg+xml,%3Csvg%20xmlns%3D&#39;http%3A%2F%2Fwww.w3.org%2F2000%2Fsvg&#39;%20viewBox%3D&#39;0%200%201000%20500&#39;%2F%3E\" data-src=\"https:\/\/altindereinsaat.com\/wp-content\/uploads\/2020\/12\/altindere-insaat-ahsap-logo-1000x500.jpg\" data-srcset=\"https:\/\/altindereinsaat.com\/wp-content\/uploads\/2020\/12\/altindere-insaat-ahsap-logo-1000x500.jpg 1000w, https:\/\/altindereinsaat.com\/wp-content\/uploads\/2020\/12\/altindere-insaat-ahsap-logo-1500x750.jpg 1500w\" width=\"1000\" height=\"500\"  data-dt-location=\"https:\/\/altindereinsaat.com\/?attachment_id=1279\" style=\"\" alt=\"\" \/><\/div><\/div><\/div>[\/vc_column][vc_column offset=&#8221;vc_col-lg-6 vc_col-md-6 vc_col-xs-12&#8243; css=&#8221;.vc_custom_1493829183360{padding-bottom: 70px !important;}&#8221;]<div id=\"ultimate-heading-335469e5f5e64dd37\" class=\"uvc-heading ult-adjust-bottom-margin ultimate-heading-335469e5f5e64dd37 uvc-3596 accent-border-color\" data-hspacer=\"line_only\"  data-halign=\"left\" style=\"text-align:left\"><div class=\"uvc-main-heading ult-responsive\"  data-ultimate-target='.uvc-heading.ultimate-heading-335469e5f5e64dd37 h2'  data-responsive-json-new='{\"font-size\":\"desktop:26px;\",\"line-height\":\"desktop:36px;\"}' ><h2 style=\"font-weight:bold;\">De\u011ferlerimiz<\/h2><\/div><div class=\"uvc-heading-spacer line_only\" style=\"margin-bottom:20px;height:4px;\"><span class=\"uvc-headings-line\" style=\"border-style:solid;border-bottom-width:4px;border-color:;width:50px;\"><\/span><\/div><div class=\"uvc-sub-heading ult-responsive\"  data-ultimate-target='.uvc-heading.ultimate-heading-335469e5f5e64dd37 .uvc-sub-heading '  data-responsive-json-new='{\"font-size\":\"\",\"line-height\":\"\"}'  style=\"font-weight:normal;\">24 seneyi ge\u00e7en deneyimiyle hizmet verdi\u011fi t\u00fcm alanlarda kaliteyi, g\u00fcvenli\u011fi ve g\u00fcncelli\u011fi temel ilkesi sayd\u0131.<\/div><\/div><div id=\"ultimate-heading-517069e5f5e64dd84\" class=\"uvc-heading ult-adjust-bottom-margin ultimate-heading-517069e5f5e64dd84 uvc-3425 accent-border-color\" data-hspacer=\"line_only\"  data-halign=\"left\" style=\"text-align:left\"><div class=\"uvc-main-heading ult-responsive\"  data-ultimate-target='.uvc-heading.ultimate-heading-517069e5f5e64dd84 h2'  data-responsive-json-new='{\"font-size\":\"desktop:26px;\",\"line-height\":\"desktop:36px;\"}' ><h2 style=\"font-weight:bold;\">Faaliyet Alanlar\u0131m\u0131z<\/h2><\/div><div class=\"uvc-heading-spacer line_only\" style=\"margin-bottom:20px;height:4px;\"><span class=\"uvc-headings-line\" style=\"border-style:solid;border-bottom-width:4px;border-color:;width:50px;\"><\/span><\/div><div class=\"uvc-sub-heading ult-responsive\"  data-ultimate-target='.uvc-heading.ultimate-heading-517069e5f5e64dd84 .uvc-sub-heading '  data-responsive-json-new='{\"font-size\":\"\",\"line-height\":\"\"}'  style=\"font-weight:normal;\"><\/p>\n<ul>\n<li>\u0130n\u015faat<\/li>\n<li>\u00dcst Yap\u0131 \u0130\u015fleri<\/li>\n<li>Yap\u0131 \u0130\u015fleri<\/li>\n<li>Alt Yap\u0131 \u0130\u015fleri<\/li>\n<li>\u00c7evre D\u00fczenleme Ve Peyzaj<\/li>\n<li>Ah\u015fap \u0130malatlar<\/li>\n<\/ul>\n<p><\/div><\/div>[\/vc_column][\/vc_row][vc_row bg_type=&#8221;image&#8221; parallax_style=&#8221;vcpb-default&#8221; bg_image_new=&#8221;id^1150|url^https:\/\/altindereinsaat.com\/wp-content\/uploads\/2020\/01\/con061.jpg|caption^null|alt^null|title^con061|description^null&#8221; bg_image_repeat=&#8221;no-repeat&#8221; bg_override=&#8221;full&#8221; enable_overlay=&#8221;enable_overlay_value&#8221; overlay_color=&#8221;rgba(0,0,0,0.5)&#8221; type=&#8221;vc_default&#8221; css=&#8221;.vc_custom_1578767453437{padding-top: 70px !important;padding-bottom: 80px !important;}&#8221;][vc_column width=&#8221;2\/3&#8243;]<div id=\"ultimate-heading-193269e5f5e64ddbc\" class=\"uvc-heading ult-adjust-bottom-margin ultimate-heading-193269e5f5e64ddbc uvc-196 \" data-hspacer=\"no_spacer\"  data-halign=\"left\" style=\"text-align:left\"><div class=\"uvc-heading-spacer no_spacer\" style=\"top\"><\/div><div class=\"uvc-main-heading ult-responsive\"  data-ultimate-target='.uvc-heading.ultimate-heading-193269e5f5e64ddbc h3'  data-responsive-json-new='{\"font-size\":\"desktop:32px;\",\"line-height\":\"desktop:42px;\"}' ><h3 style=\"font-weight:bold;color:#ffffff;margin-bottom:20px;\">Bizimle \u0130leti\u015fime Ge\u00e7in<\/h3><\/div><div class=\"uvc-sub-heading ult-responsive\"  data-ultimate-target='.uvc-heading.ultimate-heading-193269e5f5e64ddbc .uvc-sub-heading '  data-responsive-json-new='{\"font-size\":\"desktop:18px;\",\"line-height\":\"desktop:30px;\"}'  style=\"font-weight:normal;color:#ffffff;margin-bottom:30px;\">Ama\u00e7 ve hedeflerinize en uygun \u00e7\u00f6z\u00fcm\u00fc bulmak i\u00e7in size yard\u0131mc\u0131 olmaktan mutluluk duyar\u0131z. Diledi\u011finiz zaman bizimle ileti\u015fime ge\u00e7ebilirsiniz.<\/div><\/div><style type=\"text\/css\" data-type=\"the7_shortcodes-inline-css\">#default-btn-9b8f4619afec7a0e3551eb8ac90cc9f1.ico-right-side > i {\n  margin-right: 0px;\n  margin-left: 8px;\n}\n#default-btn-9b8f4619afec7a0e3551eb8ac90cc9f1 > i {\n  margin-right: 8px;\n}\n<\/style><a href=\"https:\/\/altindereinsaat.com\/iletisim\/\" class=\"default-btn-shortcode dt-btn dt-btn-m link-hover-off btn-inline-left \" id=\"default-btn-9b8f4619afec7a0e3551eb8ac90cc9f1\"><span>\u0130leti\u015fim<\/span><\/a>[\/vc_column][\/vc_row]<\/p>\n","protected":false},"excerpt":{"rendered":"<p>[vc_row type=&#8221;vc_default&#8221; margin_top=&#8221;5&#8243; margin_bottom=&#8221;15&#8243; css=&#8221;.vc_custom_1493829267800{padding-top: 70px !important;}&#8221;][vc_column offset=&#8221;vc_col-lg-6 vc_col-md-6 vc_col-xs-12&#8243; css=&#8221;.vc_custom_1493829169670{padding-bottom: 70px !important;}&#8221;][vc_column_text]1997 y\u0131l\u0131nda \u0130brahim T\u00fcfek taraf\u0131ndan kurulan Alt\u0131ndere \u0130n\u015faat, ilk y\u0131llar\u0131nda mekanik sistemler \u00fczerine faaliyetlere ba\u015flad\u0131. 2000 y\u0131l\u0131ndan 2010 y\u0131l\u0131na kadar Yurt \u0130\u015fletmecili\u011fini ve Hastane Yemek ihalelerini faaliyet alanlar\u0131na ekleyerek ba\u015far\u0131l\u0131 i\u015fler ortaya \u00e7\u0131kard\u0131. 2010 y\u0131l\u0131na gelindi\u011fi zaman ise faaliyetlerindeki a\u011f\u0131rl\u0131\u011f\u0131n\u0131 T\u00fcrkiye Cumhuriyeti Devleti\u2019nin&hellip;<\/p>\n","protected":false},"author":1,"featured_media":0,"parent":0,"menu_order":1,"comment_status":"closed","ping_status":"closed","template":"","meta":{"_mi_skip_tracking":false,"_monsterinsights_sitenote_active":false,"_monsterinsights_sitenote_note":"","_monsterinsights_sitenote_category":0,"footnotes":""},"class_list":["post-154","page","type-page","status-publish","hentry","description-off"],"aioseo_notices":[],"_links":{"self":[{"href":"https:\/\/altindereinsaat.com\/index.php?rest_route=\/wp\/v2\/pages\/154","targetHints":{"allow":["GET"]}}],"collection":[{"href":"https:\/\/altindereinsaat.com\/index.php?rest_route=\/wp\/v2\/pages"}],"about":[{"href":"https:\/\/altindereinsaat.com\/index.php?rest_route=\/wp\/v2\/types\/page"}],"author":[{"embeddable":true,"href":"https:\/\/altindereinsaat.com\/index.php?rest_route=\/wp\/v2\/users\/1"}],"replies":[{"embeddable":true,"href":"https:\/\/altindereinsaat.com\/index.php?rest_route=%2Fwp%2Fv2%2Fcomments&post=154"}],"version-history":[{"count":10,"href":"https:\/\/altindereinsaat.com\/index.php?rest_route=\/wp\/v2\/pages\/154\/revisions"}],"predecessor-version":[{"id":1391,"href":"https:\/\/altindereinsaat.com\/index.php?rest_route=\/wp\/v2\/pages\/154\/revisions\/1391"}],"wp:attachment":[{"href":"https:\/\/altindereinsaat.com\/index.php?rest_route=%2Fwp%2Fv2%2Fmedia&parent=154"}],"curies":[{"name":"wp","href":"https:\/\/api.w.org\/{rel}","templated":true}]}}