{"id":1207,"date":"2016-06-14T01:53:06","date_gmt":"2016-06-13T22:53:06","guid":{"rendered":"https:\/\/the7.io\/construction\/?page_id=2"},"modified":"2021-01-12T23:55:18","modified_gmt":"2021-01-12T20:55:18","slug":"anasayfa","status":"publish","type":"page","link":"https:\/\/altindereinsaat.com\/","title":{"rendered":"Anasayfa"},"content":{"rendered":"\t\t<div data-elementor-type=\"wp-page\" data-elementor-id=\"1207\" class=\"elementor elementor-1207\">\n\t\t\t\t\t\t<div class=\"elementor-inner\">\n\t\t\t\t<div class=\"elementor-section-wrap\">\n\t\t\t\t\t\t\t\t\t<section class=\"elementor-section elementor-top-section elementor-element elementor-element-1b1bb71e elementor-section-boxed elementor-section-height-default elementor-section-height-default\" data-id=\"1b1bb71e\" data-element_type=\"section\">\n\t\t\t\t\t\t<div class=\"elementor-container elementor-column-gap-default\">\n\t\t\t\t\t\t\t<div class=\"elementor-row\">\n\t\t\t\t\t<div class=\"elementor-column elementor-col-100 elementor-top-column elementor-element elementor-element-54544d52\" data-id=\"54544d52\" data-element_type=\"column\">\n\t\t\t<div class=\"elementor-column-wrap elementor-element-populated\">\n\t\t\t\t\t\t\t<div class=\"elementor-widget-wrap\">\n\t\t\t\t\t\t<div class=\"elementor-element elementor-element-6f20faaa elementor-widget elementor-widget-text-editor\" data-id=\"6f20faaa\" data-element_type=\"widget\" data-widget_type=\"text-editor.default\">\n\t\t\t\t<div class=\"elementor-widget-container\">\n\t\t\t\t\t\t\t\t<div class=\"elementor-text-editor elementor-clearfix\">\n\t\t\t\t<p>[vc_row bg_type=&#8221;bg_color&#8221; bg_override=&#8221;full&#8221; type=&#8221;vc_default&#8221; el_class=&#8221;custom_services&#8221; bg_color_value=&#8221;rgba(0,0,0,0.04)&#8221; css=&#8221;.vc_custom_1609096727693{padding-top: 20px !important;}&#8221;][vc_column css=&#8221;.vc_custom_1609503606323{border-top-width: 30px !important;padding-right: 0px !important;padding-bottom: 30px !important;padding-left: 0px !important;}&#8221;]<div id=\"ultimate-heading-924669e5fa5417693\" class=\"uvc-heading ult-adjust-bottom-margin ultimate-heading-924669e5fa5417693 uvc-6401 accent-border-color\" data-hspacer=\"line_only\"  data-halign=\"center\" style=\"text-align:center\"><div class=\"uvc-main-heading ult-responsive\"  data-ultimate-target='.uvc-heading.ultimate-heading-924669e5fa5417693 h2'  data-responsive-json-new='{\"font-size\":\"desktop:26px;\",\"line-height\":\"desktop:26px;\"}' ><h2 style=\"font-weight:bold;margin-top:10px;;\">Faaliyet Alanlar\u0131m\u0131z<\/h2><\/div><div class=\"uvc-heading-spacer line_only\" style=\"margin-top:10px;;margin-bottom:10px;;height:4px;\"><span class=\"uvc-headings-line\" style=\"border-style:solid;border-bottom-width:4px;border-color:;width:50px;\"><\/span><\/div><\/div>[vc_row_inner equal_height=&#8221;yes&#8221; gap=&#8221;30&#8243; css=&#8221;.vc_custom_1493731532303{margin-top: -15px !important;margin-bottom: -15px !important;padding-right: 25px !important;padding-left: 25px !important;}&#8221;][vc_column_inner width=&#8221;1\/2&#8243; css=&#8221;.vc_custom_1493729905502{padding-top: 30px !important;padding-right: 30px !important;padding-bottom: 30px !important;padding-left: 30px !important;background-color: #ffffff !important;}&#8221; offset=&#8221;vc_col-lg-4 vc_col-md-4&#8243;]<style type=\"text\/css\" data-type=\"the7_shortcodes-inline-css\">.shortcode-single-image-wrap.shortcode-single-image-f12c3ab9e89f7f0429fc019faf585075.enable-bg-rollover .rollover i,\n.shortcode-single-image-wrap.shortcode-single-image-f12c3ab9e89f7f0429fc019faf585075.enable-bg-rollover .rollover-video i {\n  background: -webkit-linear-gradient();\n  background: linear-gradient();\n}\n.shortcode-single-image-wrap.shortcode-single-image-f12c3ab9e89f7f0429fc019faf585075 .rollover-icon {\n  font-size: 32px;\n  color: #ffffff;\n  min-width: 44px;\n  min-height: 44px;\n  line-height: 44px;\n  border-radius: 100px;\n  border-style: solid;\n  border-width: 0px;\n}\n.dt-icon-bg-on.shortcode-single-image-wrap.shortcode-single-image-f12c3ab9e89f7f0429fc019faf585075 .rollover-icon {\n  background: rgba(255,255,255,0.3);\n  box-shadow: none;\n}\n<\/style><div class=\"shortcode-single-image-wrap shortcode-single-image-f12c3ab9e89f7f0429fc019faf585075 alignnone  vc_custom_1609615093370 enable-bg-rollover dt-icon-bg-off\" ><div class=\"shortcode-single-image\"><div class=\"fancy-media-wrap\" style=\"border-radius:500px;\"><a href=\"https:\/\/altindereinsaat.com\/project\/insaat\/\" class=\" layzr-bg rollover\" style=\"border-radius:500px;\" aria-label=\"Image\"><img loading=\"lazy\" decoding=\"async\" class=\"preload-me lazy-load\" src=\"data:image\/svg+xml,%3Csvg%20xmlns%3D&#39;http%3A%2F%2Fwww.w3.org%2F2000%2Fsvg&#39;%20viewBox%3D&#39;0%200%20120%20120&#39;%2F%3E\" data-src=\"https:\/\/altindereinsaat.com\/wp-content\/uploads\/2021\/01\/ahsap-ev-120x120.jpg\" data-srcset=\"https:\/\/altindereinsaat.com\/wp-content\/uploads\/2021\/01\/ahsap-ev-120x120.jpg 120w, https:\/\/altindereinsaat.com\/wp-content\/uploads\/2021\/01\/ahsap-ev-240x240.jpg 240w\" width=\"120\" height=\"120\"  data-dt-location=\"https:\/\/altindereinsaat.com\/?attachment_id=1386\" alt=\"\" \/><\/a><\/div><\/div><\/div><div id=\"ultimate-heading-366269e5fa541889b\" class=\"uvc-heading ult-adjust-bottom-margin ultimate-heading-366269e5fa541889b uvc-7072 \" data-hspacer=\"no_spacer\"  data-halign=\"center\" style=\"text-align:center\"><div class=\"uvc-heading-spacer no_spacer\" style=\"top\"><\/div><div class=\"uvc-main-heading ult-responsive\"  data-ultimate-target='.uvc-heading.ultimate-heading-366269e5fa541889b h3'  data-responsive-json-new='{\"font-size\":\"desktop:18px;\",\"line-height\":\"desktop:28px;\"}' ><h3 style=\"font-weight:700;margin-bottom:10px;\">\u0130N\u015eAAT<\/h3><\/div><div class=\"uvc-sub-heading ult-responsive\"  data-ultimate-target='.uvc-heading.ultimate-heading-366269e5fa541889b .uvc-sub-heading '  data-responsive-json-new='{\"font-size\":\"desktop:14px;\",\"line-height\":\"desktop:26px;\"}'  style=\"font-weight:normal;margin-bottom:20px;\">Firmam\u0131z ; geli\u015fen d\u00fczen ve hayat standartlar\u0131ndaki faaliyetlerini h\u0131zla y\u00fcr\u00fctmek ve modern \u00e7a\u011f\u0131n uygulamalar\u0131n\u0131 esas almaktad\u0131r.<\/div><\/div>[\/vc_column_inner][vc_column_inner width=&#8221;1\/2&#8243; css=&#8221;.vc_custom_1493729913153{padding-top: 30px !important;padding-right: 30px !important;padding-bottom: 30px !important;padding-left: 30px !important;background-color: #ffffff !important;}&#8221; offset=&#8221;vc_col-lg-4 vc_col-md-4&#8243;]<style type=\"text\/css\" data-type=\"the7_shortcodes-inline-css\">.shortcode-single-image-wrap.shortcode-single-image-4ffc2dcb8cbc78223166741f7e257e82.enable-bg-rollover .rollover i,\n.shortcode-single-image-wrap.shortcode-single-image-4ffc2dcb8cbc78223166741f7e257e82.enable-bg-rollover .rollover-video i {\n  background: -webkit-linear-gradient();\n  background: linear-gradient();\n}\n.shortcode-single-image-wrap.shortcode-single-image-4ffc2dcb8cbc78223166741f7e257e82 .rollover-icon {\n  font-size: 32px;\n  color: #ffffff;\n  min-width: 44px;\n  min-height: 44px;\n  line-height: 44px;\n  border-radius: 100px;\n  border-style: solid;\n  border-width: 0px;\n}\n.dt-icon-bg-on.shortcode-single-image-wrap.shortcode-single-image-4ffc2dcb8cbc78223166741f7e257e82 .rollover-icon {\n  background: rgba(255,255,255,0.3);\n  box-shadow: none;\n}\n<\/style><div class=\"shortcode-single-image-wrap shortcode-single-image-4ffc2dcb8cbc78223166741f7e257e82 alignnone  vc_custom_1609615083424 enable-bg-rollover dt-icon-bg-off\" ><div class=\"shortcode-single-image\"><div class=\"fancy-media-wrap\" style=\"border-radius:500px;\"><a href=\"https:\/\/altindereinsaat.com\/project\/ust-yapi-isleri\/\" class=\" layzr-bg rollover\" style=\"border-radius:500px;\" aria-label=\"Image\"><img loading=\"lazy\" decoding=\"async\" class=\"preload-me lazy-load\" src=\"data:image\/svg+xml,%3Csvg%20xmlns%3D&#39;http%3A%2F%2Fwww.w3.org%2F2000%2Fsvg&#39;%20viewBox%3D&#39;0%200%20120%20120&#39;%2F%3E\" data-src=\"https:\/\/altindereinsaat.com\/wp-content\/uploads\/2021\/01\/korkuluk-120x120.jpg\" data-srcset=\"https:\/\/altindereinsaat.com\/wp-content\/uploads\/2021\/01\/korkuluk-120x120.jpg 120w, https:\/\/altindereinsaat.com\/wp-content\/uploads\/2021\/01\/korkuluk-240x240.jpg 240w\" width=\"120\" height=\"120\"  data-dt-location=\"https:\/\/altindereinsaat.com\/?attachment_id=1388\" alt=\"\" \/><\/a><\/div><\/div><\/div><div id=\"ultimate-heading-685469e5fa541944a\" class=\"uvc-heading ult-adjust-bottom-margin ultimate-heading-685469e5fa541944a uvc-9744 \" data-hspacer=\"no_spacer\"  data-halign=\"center\" style=\"text-align:center\"><div class=\"uvc-heading-spacer no_spacer\" style=\"top\"><\/div><div class=\"uvc-main-heading ult-responsive\"  data-ultimate-target='.uvc-heading.ultimate-heading-685469e5fa541944a h3'  data-responsive-json-new='{\"font-size\":\"desktop:18px;\",\"line-height\":\"desktop:28px;\"}' ><h3 style=\"font-weight:700;margin-bottom:10px;\">\u00dcST YAPI \u0130\u015eLER\u0130<\/h3><\/div><div class=\"uvc-sub-heading ult-responsive\"  data-ultimate-target='.uvc-heading.ultimate-heading-685469e5fa541944a .uvc-sub-heading '  data-responsive-json-new='{\"font-size\":\"desktop:14px;\",\"line-height\":\"desktop:26px;\"}'  style=\"font-weight:normal;margin-bottom:20px;\">Kalite ve g\u00fcvenilir standartlar\u0131m\u0131z\u0131 en \u00fcst seviye de tutmak ana felsefemizdir<\/div><\/div>[\/vc_column_inner][vc_column_inner width=&#8221;1\/2&#8243; css=&#8221;.vc_custom_1493729921357{padding-top: 30px !important;padding-right: 30px !important;padding-bottom: 30px !important;padding-left: 30px !important;background-color: #ffffff !important;}&#8221; offset=&#8221;vc_col-lg-4 vc_col-md-4&#8243;]<style type=\"text\/css\" data-type=\"the7_shortcodes-inline-css\">.shortcode-single-image-wrap.shortcode-single-image-0b53fd163115e5f2f7c42b5dee60734e.enable-bg-rollover .rollover i,\n.shortcode-single-image-wrap.shortcode-single-image-0b53fd163115e5f2f7c42b5dee60734e.enable-bg-rollover .rollover-video i {\n  background: -webkit-linear-gradient();\n  background: linear-gradient();\n}\n.shortcode-single-image-wrap.shortcode-single-image-0b53fd163115e5f2f7c42b5dee60734e .rollover-icon {\n  font-size: 32px;\n  color: #ffffff;\n  min-width: 44px;\n  min-height: 44px;\n  line-height: 44px;\n  border-radius: 100px;\n  border-style: solid;\n  border-width: 0px;\n}\n.dt-icon-bg-on.shortcode-single-image-wrap.shortcode-single-image-0b53fd163115e5f2f7c42b5dee60734e .rollover-icon {\n  background: rgba(255,255,255,0.3);\n  box-shadow: none;\n}\n<\/style><div class=\"shortcode-single-image-wrap shortcode-single-image-0b53fd163115e5f2f7c42b5dee60734e alignnone  vc_custom_1609615070021 enable-bg-rollover dt-icon-bg-off\" ><div class=\"shortcode-single-image\"><div class=\"fancy-media-wrap\" style=\"border-radius:500px;\"><a href=\"https:\/\/altindereinsaat.com\/project\/alt-yapi-isleri\/\" class=\" layzr-bg rollover\" style=\"border-radius:500px;\" aria-label=\"Image\"><img loading=\"lazy\" decoding=\"async\" class=\"preload-me lazy-load\" src=\"data:image\/svg+xml,%3Csvg%20xmlns%3D&#39;http%3A%2F%2Fwww.w3.org%2F2000%2Fsvg&#39;%20viewBox%3D&#39;0%200%20120%20120&#39;%2F%3E\" data-src=\"https:\/\/altindereinsaat.com\/wp-content\/uploads\/2021\/01\/insaat-120x120.jpg\" data-srcset=\"https:\/\/altindereinsaat.com\/wp-content\/uploads\/2021\/01\/insaat-120x120.jpg 120w, https:\/\/altindereinsaat.com\/wp-content\/uploads\/2021\/01\/insaat-240x240.jpg 240w\" width=\"120\" height=\"120\"  data-dt-location=\"https:\/\/altindereinsaat.com\/?attachment_id=1389\" alt=\"\" \/><\/a><\/div><\/div><\/div><div id=\"ultimate-heading-888969e5fa5419ee9\" class=\"uvc-heading ult-adjust-bottom-margin ultimate-heading-888969e5fa5419ee9 uvc-1245 \" data-hspacer=\"no_spacer\"  data-halign=\"center\" style=\"text-align:center\"><div class=\"uvc-heading-spacer no_spacer\" style=\"top\"><\/div><div class=\"uvc-main-heading ult-responsive\"  data-ultimate-target='.uvc-heading.ultimate-heading-888969e5fa5419ee9 h3'  data-responsive-json-new='{\"font-size\":\"desktop:18px;\",\"line-height\":\"desktop:28px;\"}' ><h3 style=\"font-weight:700;margin-bottom:10px;\">ALT YAPI \u0130\u015eLER\u0130<\/h3><\/div><div class=\"uvc-sub-heading ult-responsive\"  data-ultimate-target='.uvc-heading.ultimate-heading-888969e5fa5419ee9 .uvc-sub-heading '  data-responsive-json-new='{\"font-size\":\"desktop:14px;\",\"line-height\":\"desktop:26px;\"}'  style=\"font-weight:normal;margin-bottom:20px;\">Firmam\u0131z ; g\u00fcn\u00fcm\u00fcz ihtiya\u00e7lar\u0131n\u0131 kar\u015f\u0131lamak i\u00e7in gece g\u00fcnd\u00fcz \u00e7al\u0131\u015fmaktad\u0131r.<\/div><\/div>[\/vc_column_inner][vc_column_inner width=&#8221;1\/2&#8243; offset=&#8221;vc_col-lg-4 vc_col-md-4&#8243; css=&#8221;.vc_custom_1493730014506{padding: 30px !important;background-color: #ffffff !important;}&#8221;]<style type=\"text\/css\" data-type=\"the7_shortcodes-inline-css\">.shortcode-single-image-wrap.shortcode-single-image-dbe0428f2eb5770356c7af4e4489b945.enable-bg-rollover .rollover i,\n.shortcode-single-image-wrap.shortcode-single-image-dbe0428f2eb5770356c7af4e4489b945.enable-bg-rollover .rollover-video i {\n  background: -webkit-linear-gradient();\n  background: linear-gradient();\n}\n.shortcode-single-image-wrap.shortcode-single-image-dbe0428f2eb5770356c7af4e4489b945 .rollover-icon {\n  font-size: 32px;\n  color: #ffffff;\n  min-width: 44px;\n  min-height: 44px;\n  line-height: 44px;\n  border-radius: 100px;\n  border-style: solid;\n  border-width: 0px;\n}\n.dt-icon-bg-on.shortcode-single-image-wrap.shortcode-single-image-dbe0428f2eb5770356c7af4e4489b945 .rollover-icon {\n  background: rgba(255,255,255,0.3);\n  box-shadow: none;\n}\n<\/style><div class=\"shortcode-single-image-wrap shortcode-single-image-dbe0428f2eb5770356c7af4e4489b945 alignnone  vc_custom_1609615109773 enable-bg-rollover dt-icon-bg-off\" ><div class=\"shortcode-single-image\"><div class=\"fancy-media-wrap\" style=\"border-radius:500px;\"><a href=\"https:\/\/altindereinsaat.com\/project\/cevre-duzenleme-ve-peyzaj\/\" class=\" layzr-bg rollover\" style=\"border-radius:500px;\" aria-label=\"Image\"><img loading=\"lazy\" decoding=\"async\" class=\"preload-me lazy-load\" src=\"data:image\/svg+xml,%3Csvg%20xmlns%3D&#39;http%3A%2F%2Fwww.w3.org%2F2000%2Fsvg&#39;%20viewBox%3D&#39;0%200%20120%20120&#39;%2F%3E\" data-src=\"https:\/\/altindereinsaat.com\/wp-content\/uploads\/2021\/01\/cevre-kaplama-peyzaj-120x120.jpg\" data-srcset=\"https:\/\/altindereinsaat.com\/wp-content\/uploads\/2021\/01\/cevre-kaplama-peyzaj-120x120.jpg 120w, https:\/\/altindereinsaat.com\/wp-content\/uploads\/2021\/01\/cevre-kaplama-peyzaj-240x240.jpg 240w\" width=\"120\" height=\"120\"  data-dt-location=\"https:\/\/altindereinsaat.com\/?attachment_id=1385\" alt=\"\" \/><\/a><\/div><\/div><\/div><div id=\"ultimate-heading-203069e5fa541a9f0\" class=\"uvc-heading ult-adjust-bottom-margin ultimate-heading-203069e5fa541a9f0 uvc-5161 \" data-hspacer=\"no_spacer\"  data-halign=\"center\" style=\"text-align:center\"><div class=\"uvc-heading-spacer no_spacer\" style=\"top\"><\/div><div class=\"uvc-main-heading ult-responsive\"  data-ultimate-target='.uvc-heading.ultimate-heading-203069e5fa541a9f0 h3'  data-responsive-json-new='{\"font-size\":\"desktop:18px;\",\"line-height\":\"desktop:28px;\"}' ><h3 style=\"font-weight:bold;margin-bottom:10px;\">\u00c7EVRE D\u00dcZENLEME VE PEYZAJ<\/h3><\/div><div class=\"uvc-sub-heading ult-responsive\"  data-ultimate-target='.uvc-heading.ultimate-heading-203069e5fa541a9f0 .uvc-sub-heading '  data-responsive-json-new='{\"font-size\":\"desktop:14px;\",\"line-height\":\"desktop:26px;\"}'  style=\"font-weight:normal;margin-bottom:20px;\">Estetik anlay\u0131\u015f\u0131n\u0131n en b\u00fcy\u00fck kategorilerinden biri olan peyzaj alan\u0131 firmam\u0131z i\u00e7in ayr\u0131 \u00f6neme sahiptir ve lay\u0131k\u0131yla yapma gayretindedir.<\/div><\/div>[\/vc_column_inner][vc_column_inner width=&#8221;1\/2&#8243; offset=&#8221;vc_col-lg-4 vc_col-md-4&#8243; css=&#8221;.vc_custom_1493729999823{padding: 30px !important;background-color: #ffffff !important;}&#8221;]<style type=\"text\/css\" data-type=\"the7_shortcodes-inline-css\">.shortcode-single-image-wrap.shortcode-single-image-62c353a1caa129f2cf3c145e1472b9fa.enable-bg-rollover .rollover i,\n.shortcode-single-image-wrap.shortcode-single-image-62c353a1caa129f2cf3c145e1472b9fa.enable-bg-rollover .rollover-video i {\n  background: -webkit-linear-gradient();\n  background: linear-gradient();\n}\n.shortcode-single-image-wrap.shortcode-single-image-62c353a1caa129f2cf3c145e1472b9fa .rollover-icon {\n  font-size: 32px;\n  color: #ffffff;\n  min-width: 44px;\n  min-height: 44px;\n  line-height: 44px;\n  border-radius: 100px;\n  border-style: solid;\n  border-width: 0px;\n}\n.dt-icon-bg-on.shortcode-single-image-wrap.shortcode-single-image-62c353a1caa129f2cf3c145e1472b9fa .rollover-icon {\n  background: rgba(255,255,255,0.3);\n  box-shadow: none;\n}\n<\/style><div class=\"shortcode-single-image-wrap shortcode-single-image-62c353a1caa129f2cf3c145e1472b9fa alignnone  vc_custom_1609793793442 enable-bg-rollover dt-icon-bg-off\" ><div class=\"shortcode-single-image\"><div class=\"fancy-media-wrap\" style=\"border-radius:500px;\"><a href=\"https:\/\/altindereinsaat.com\/project\/ahsap-imalatlar\/\" class=\" layzr-bg rollover\" style=\"border-radius:500px;\" aria-label=\"Image\"><img loading=\"lazy\" decoding=\"async\" class=\"preload-me lazy-load\" src=\"data:image\/svg+xml,%3Csvg%20xmlns%3D&#39;http%3A%2F%2Fwww.w3.org%2F2000%2Fsvg&#39;%20viewBox%3D&#39;0%200%20120%20120&#39;%2F%3E\" data-src=\"https:\/\/altindereinsaat.com\/wp-content\/uploads\/2020\/12\/seslikaya-korkuluk-120x120.jpg\" data-srcset=\"https:\/\/altindereinsaat.com\/wp-content\/uploads\/2020\/12\/seslikaya-korkuluk-120x120.jpg 120w, https:\/\/altindereinsaat.com\/wp-content\/uploads\/2020\/12\/seslikaya-korkuluk-240x240.jpg 240w\" width=\"120\" height=\"120\"  data-dt-location=\"https:\/\/altindereinsaat.com\/?attachment_id=1260\" alt=\"\" \/><\/a><\/div><\/div><\/div><div id=\"ultimate-heading-3869e5fa541b453\" class=\"uvc-heading ult-adjust-bottom-margin ultimate-heading-3869e5fa541b453 uvc-4734 \" data-hspacer=\"no_spacer\"  data-halign=\"center\" style=\"text-align:center\"><div class=\"uvc-heading-spacer no_spacer\" style=\"top\"><\/div><div class=\"uvc-main-heading ult-responsive\"  data-ultimate-target='.uvc-heading.ultimate-heading-3869e5fa541b453 h3'  data-responsive-json-new='{\"font-size\":\"desktop:18px;\",\"line-height\":\"desktop:28px;\"}' ><h3 style=\"font-weight:bold;margin-bottom:10px;\">AH\u015eAP \u0130MALATLAR<\/h3><\/div><div class=\"uvc-sub-heading ult-responsive\"  data-ultimate-target='.uvc-heading.ultimate-heading-3869e5fa541b453 .uvc-sub-heading '  data-responsive-json-new='{\"font-size\":\"desktop:14px;\",\"line-height\":\"desktop:26px;\"}'  style=\"font-weight:normal;margin-bottom:20px;\">Firmam\u0131z, ihtiyaca g\u00f6re 24 y\u0131ll\u0131k deneyimiyle zerafetin ve duru\u015fun b\u00fct\u00fcnle\u015fti\u011fi ah\u015fap imalatlar ortaya \u00e7\u0131karmaktad\u0131r.<\/div><\/div>[\/vc_column_inner][\/vc_row_inner][\/vc_column][\/vc_row]<\/p>\t\t\t\t\t<\/div>\n\t\t\t\t\t\t<\/div>\n\t\t\t\t<\/div>\n\t\t\t\t\t\t<\/div>\n\t\t\t\t\t<\/div>\n\t\t<\/div>\n\t\t\t\t\t\t\t\t<\/div>\n\t\t\t\t\t<\/div>\n\t\t<\/section>\n\t\t\t\t\t\t\t\t\t<\/div>\n\t\t\t<\/div>\n\t\t\t\t\t<\/div>\n\t\t","protected":false},"excerpt":{"rendered":"<p>[vc_row bg_type=&#8221;bg_color&#8221; bg_override=&#8221;full&#8221; type=&#8221;vc_default&#8221; el_class=&#8221;custom_services&#8221; bg_color_value=&#8221;rgba(0,0,0,0.04)&#8221; css=&#8221;.vc_custom_1609096727693{padding-top: 20px !important;}&#8221;][vc_column css=&#8221;.vc_custom_1609503606323{border-top-width: 30px !important;padding-right: 0px !important;padding-bottom: 30px !important;padding-left: 0px !important;}&#8221;][vc_row_inner equal_height=&#8221;yes&#8221; gap=&#8221;30&#8243; css=&#8221;.vc_custom_1493731532303{margin-top: -15px !important;margin-bottom: -15px !important;padding-right: 25px !important;padding-left: 25px !important;}&#8221;][vc_column_inner width=&#8221;1\/2&#8243; css=&#8221;.vc_custom_1493729905502{padding-top: 30px !important;padding-right: 30px !important;padding-bottom: 30px !important;padding-left: 30px !important;background-color: #ffffff !important;}&#8221; offset=&#8221;vc_col-lg-4 vc_col-md-4&#8243;][\/vc_column_inner][vc_column_inner width=&#8221;1\/2&#8243; css=&#8221;.vc_custom_1493729913153{padding-top: 30px !important;padding-right: 30px !important;padding-bottom: 30px !important;padding-left: 30px !important;background-color: #ffffff !important;}&#8221;&hellip;<\/p>\n","protected":false},"author":1,"featured_media":0,"parent":0,"menu_order":0,"comment_status":"closed","ping_status":"closed","template":"","meta":{"_mi_skip_tracking":false,"_monsterinsights_sitenote_active":false,"_monsterinsights_sitenote_note":"","_monsterinsights_sitenote_category":0,"footnotes":""},"class_list":["post-1207","page","type-page","status-publish","hentry"],"aioseo_notices":[],"_links":{"self":[{"href":"https:\/\/altindereinsaat.com\/index.php?rest_route=\/wp\/v2\/pages\/1207","targetHints":{"allow":["GET"]}}],"collection":[{"href":"https:\/\/altindereinsaat.com\/index.php?rest_route=\/wp\/v2\/pages"}],"about":[{"href":"https:\/\/altindereinsaat.com\/index.php?rest_route=\/wp\/v2\/types\/page"}],"author":[{"embeddable":true,"href":"https:\/\/altindereinsaat.com\/index.php?rest_route=\/wp\/v2\/users\/1"}],"replies":[{"embeddable":true,"href":"https:\/\/altindereinsaat.com\/index.php?rest_route=%2Fwp%2Fv2%2Fcomments&post=1207"}],"version-history":[{"count":23,"href":"https:\/\/altindereinsaat.com\/index.php?rest_route=\/wp\/v2\/pages\/1207\/revisions"}],"predecessor-version":[{"id":1601,"href":"https:\/\/altindereinsaat.com\/index.php?rest_route=\/wp\/v2\/pages\/1207\/revisions\/1601"}],"wp:attachment":[{"href":"https:\/\/altindereinsaat.com\/index.php?rest_route=%2Fwp%2Fv2%2Fmedia&parent=1207"}],"curies":[{"name":"wp","href":"https:\/\/api.w.org\/{rel}","templated":true}]}}